010000101001010010
In base 15, what is b337 + -3a?
b2ec
In base 16, what is 3 + -b6d7?
-b6d4
In base 5, what is 1022040 + -4?
1022031
In base 7, what is 2 + -440513?
-440511
In base 4, what is -3 + 132100200?
132100131
In base 9, what is -127 - 1630?
-1757
In base 5, what is 2 + 1404131?
1404133
In base 11, what is -95612 - 0?
-95612
In base 10, what is 6944 + 59?
7003
In base 2, what is 10010011111100101100 - 11?
10010011111100101001
In base 12, what is 0 - 537a?
-537a
In base 4, what is -12010201 + 22?
-12010113
In base 9, what is -12 + 831?
818
In base 12, what is 42a - 2?
428
In base 12, what is 5 - a3846?
-a3841
In base 7, what is -4110410 - 1?
-4110411
In base 9, what is -542 + 4?
-537
In base 11, what is -299558 + 0?
-299558
In base 2, what is -1 - 11101100000000110?
-11101100000000111
In base 10, what is -193184 - -1?
-193183
In base 16, what is f + 100ca?
100d9
In base 14, what is 5 + d55?
d5a
In base 4, what is -2 + 20210313?
20210311
In base 9, what is 37344 - 2?
37342
In base 16, what is -53 - -13d5?
1382
In base 4, what is 11233 - -30?
11323
In base 14, what is -44 + 28b?
247
In base 13, what is 7ab + 173?
951
In base 10, what is 57235 - 2?
57233
In base 14, what is -9 + 265?
25a
In base 4, what is 130120212 + 2?
130120220
In base 7, what is -245 + 6162?
5614
In base 15, what is 3 - -21cc?
21d0
In base 16, what is -3 - 178?
-17b
In base 9, what is 1 - 2337?
-2336
In base 3, what is 21112122010 + -11?
21112121222
In base 13, what is 123c6 - -4?
123ca
In base 11, what is 5 - 20563?
-20559
In base 4, what is 11 + 22123011?
22123022
In base 7, what is 3351155 + -3?
3351152
In base 6, what is -143554531 + -4?
-143554535
In base 11, what is 4471 + 15?
4486
In base 13, what is 6358 + -7?
6351
In base 11, what is 11 + -294?
-283
In base 10, what is 5909 - -4?
5913
In base 16, what is -1 + 4a8ef?
4a8ee
In base 5, what is 1 - 1104331?
-1104330
In base 13, what is -150 - -58?
-c5
In base 4, what is 1110210 + 11?
1110221
In base 3, what is -1020211222112 + 11?
-1020211222101
In base 10, what is -560603 + -5?
-560608
In base 2, what is -1000011101011010010111 + 10?
-1000011101011010010101
In base 6, what is 4 - -204101?
204105
In base 8, what is 5672754 - 0?
5672754
In base 7, what is -2055 - -302?
-1453
In base 2, what is 11 - 1010111100100100110?
-1010111100100100011
In base 7, what is 3 + 16602?
16605
In base 6, what is -44 - 5414?
-5502
In base 2, what is 11 + 110010111100110100?
110010111100110111
In base 10, what is 0 - 965110?
-965110
In base 12, what is 19137 - -5?
19140
In base 15, what is -4060 + -13d?
-419d
In base 4, what is -3120331 + -3220?
-3130211
In base 9, what is 24 - -6151?
6175
In base 8, what is -2607 - -207?
-2400
In base 7, what is 4214 - -236?
4453
In base 12, what is -2 + 9b674?
9b672
In base 15, what is 6 - -1c2d?
1c34
In base 15, what is 35 - 582?
-54c
In base 4, what is -21332002 - 122?
-21332130
In base 9, what is -260815 + 2?
-260813
In base 11, what is 5 - a8805?
-a8800
In base 11, what is 52 - -54996?
54a38
In base 10, what is -328 - 5901?
-6229
In base 15, what is ab55 + 25?
ab7a
In base 2, what is -1010000010 + -1101110?
-1011110000
In base 14, what is ba3 - 7?
b9a
In base 12, what is -9a71 + -5?
-9a76
In base 8, what is -2 - -63126?
63124
In base 2, what is -100110000110 + -10000101?
-101000001011
In base 16, what is 4 - -2aad2?
2aad6
In base 11, what is -80 - 240?
-310
In base 14, what is 5 - 424a?
-4245
In base 9, what is 10770 + 1327?
12207
In base 8, what is 2 - -16462?
16464
In base 2, what is 1011110 - -1110011101?
1111111011
In base 10, what is -3378 + 2?
-3376
In base 12, what is -160 + 176?
16
In base 13, what is -24 - 3c2?
-416
In base 12, what is -75a + -1?
-75b
In base 5, what is -320433 - 12?
-321000
In base 4, what is 21131 + -20323?
202
In base 16, what is 34 - -4da?
50e
In base 12, what is 0 + -87856?
-87856
In base 12, what is -b6 + 9ba?
904
In base 7, what is 421650 - 2?
421645
In base 3, what is 12 - -22120200111?
22120200200
In base 12, what is -29 + -5096?
-5103
In base 5, what is -11102113 + 3?
-11102110
In base 7, what is -1163454 + 5?
-1163446
In base 12, what is 166 + 55?
1bb
In base 4, what is 10012321 - -31?
10013012
In base 12, what is -380 - -542?
182
In base 8, what is 3016500 - -3?
3016503
In base 14, what is -342c7 - -1?
-342c6
In base 3, what is 1011 + 21221112?
21222200
In base 2, what is 101101001 + -1110101?
11110100
In base 9, what is 260 - -114?
374
In base 8, what is 10751 - -73?
11044
In base 3, what is -10 + -221121010?
-221121020
In base 16, what is 3 + -b7a2?
-b79f
In base 3, what is -1021012 - 20221?
-1112010
In base 16, what is e7 + 1334?
141b
In base 16, what is -98a8 - 0?
-98a8
In base 2, what is -11100010110 + -101110?
-11101000100
In base 12, what is -50429 - 8?
-50435
In base 9, what is -53 + 163384?
163331
In base 11, what is 110 - -2a?
13a
In base 2, what is 11101100110 - 101?
11101100001
In base 5, what is 203303 - -40?
203343
In base 10, what is 3 - -492455?
492458
In base 7, what is -511065 - -2?
-511063
In base 10, what is 7 + 1608759?
1608766
In base 4, what is 13 - -3202111?
3202130
In base 3, what is -11010201 - 1202?
-11012110
In base 15, what is 0 - -336c?
336c
In base 16, what is -77e + 9?
-775
In base 15, what is 59 - 46cd?
-4674
In base 6, what is -23215225 - -4?
-23215221
In base 8, what is 1110343 + 12?
1110355
In base 8, what is -12 + 144756?
144744
In base 16, what is -5 + 5ab0b?
5ab06
In base 11, what is 34 - 252?
-219
In base 15, what is -54 - b30?
-b84
In base 15, what is -4c7 + 88?
-43e
In base 7, what is -156512 + -3?
-156515
In base 7, what is -251360 - 2?
-251362
In base 15, what is 4 - e3cc?
-e3c8
In base 3, what is 101 - 102012?
-101211
In base 14, what is 160 + -2?
15c
In base 14, what is 3 - 44349?
-44346
In base 9, what is 0 + 262153?
262153
In base 9, what is -68 + -40?
-118
In base 8, what is 77 - -2451?
2550
In base 6, what is -3321 - -3?
-3314
In base 9, what is -3 + -1205728?
-1205732
In base 6, what is 13253 + -22?
13231
In base 15, what is -34a9 + 3?
-34a6
In base 6, what is -303434 - -12?
-303422
In base 3, what is -2022021 + 102?
-2021212
In base 13, what is -4 + 8019?
8015
In base 14, what is 128a07 - 5?
128a02
In base 15, what is -4 + -1972c1?
-1972c5
In base 8, what is -1274152 - 4?
-1274156
In base 7, what is -3341 - -50?
-3261
In base 16, what is 4cb9f + -4?
4cb9b
In base 2, what is 101 + 100000110001101?
100000110010010
In base 6, what is -224 + -10544?
-11212
In base 8, what is 22 - -752312?
752334
In base 13, what is -a + a9a7c?
a9a72
In base 16, what is -4 - 311f2?
-311f6
In base 16, what is 0 + -8b5b?
-8b5b
In base 4, what is 1211002 - 100?
1210302
In base 8, what is 31 + 165325?
165356
In base 3, what is 0 + -21220202022?
-21220202022
In base 8, what is 1641111 - 1?
1641110
In base 10, what is 529 - 1355?
-826
In base 13, what is 6 + -28c69?
-28c63
In base 9, what is -22 + -358403?
-358425
In base 7, what is -4340245 - 2?
-4340250
In base 15, what is 20a337 - 1?
20a336
In base 3, what is -10 + 120102201?
120102121
In base 6, what is -141 + 103?
-34
In base 6, what is -440 - 23?
-503
In base 13, what is -1 - -5b234?
5b233
In base 16, what is 7a + -1a2b?
-19b1
In base 12, what is -1b - -9634?
9615
In base 14, what is -1 + 923?
922
In base 16, what is -2a8 - 5f?
-307
In base 6, what is -2152 - 11302?
-13454
In base 10, what is 154909 + 1?
154910
In base 6, what is -22 - 230544?
-231010
In base 7, what is -11132 + -40?
-11202
In base 9, what is -3106556 + -3?
-3106560
In base 7, what is -2351 - 643?
-3324
In base 7, what is -12126 - 32?
-12161
In base 11, what is 18 + 2309a?
23107
In base 6, what is 23455215 + 1?
23455220
In base 8, what is 4 + 213313?
213317
In base 8, what is 20 + 611?
631
In base 2, what is -101 - -10000101010011101111?
10000101010011101010
In base 16, what is -46 + -3df3?
-3e39
In base 8, what is 1 + 235156?
235157
In base 5, what is -400 + -111021?
-111421
In base 16, what is 2 - 3311f?
-3311d
In base 16, what is 8 - -30bdf?
30be7
In base 8, what is 104723 + -4?
104717
In base 3, what is -20 + -1020010?
-1020100
In base 11, what is 5424 + 1a?
5443
In base 9, what is -3 + 2317403?
2317400
In base 4, what is -2 + -223031200?
-223031202
In base 8, what is -2 + 460045?
460043
In base 15, wha